 greatest common divisor of 238 and 42?
14
Calculate the highest common divisor of 7 and 19523.
7
Calculate the highest common factor of 247 and 76.
19
What is the highest common factor of 78 and 546?
78
What is the greatest common divisor of 387 and 43?
43
Calculate the greatest common divisor of 160 and 64.
32
What is the highest common factor of 99 and 11?
11
What is the greatest common factor of 4 and 316?
4
Calculate the greatest common factor of 96 and 27.
3
Calculate the greatest common factor of 5695 and 85.
85
Calculate the highest common divisor of 342 and 1254.
114
What is the greatest common factor of 140 and 15?
5
What is the highest common divisor of 3 and 497?
1
What is the highest common factor of 50 and 35?
5
Calculate the greatest common divisor of 27 and 711.
9
Calculate the greatest common factor of 275 and 352.
11
Calculate the highest common factor of 391 and 23.
23
Calculate the highest common factor of 11120 and 200.
40
What is the greatest common factor of 308 and 28?
28
What is the highest common divisor of 550 and 44?
22
Calculate the greatest common divisor of 8938 and 164.
82
What is the highest common factor of 215 and 129?
43
What is the greatest common factor of 12524 and 310?
62
Calculate the greatest common divisor of 40 and 5660.
20
Calculate the highest common factor of 84 and 35.
7
What is the greatest common factor of 114 and 18?
6
Calculate the highest common divisor of 533 and 82.
41
What is the greatest common divisor of 27 and 69?
3
What is the greatest common divisor of 24 and 272?
8
What is the greatest common factor of 1840 and 80?
80
What is the greatest common divisor of 208 and 48?
16
Calculate the greatest common factor of 62 and 12.
2
What is the highest common factor of 3160 and 280?
40
Calculate the highest common divisor of 27 and 72.
9
Calculate the highest common factor of 2619 and 54.
27
What is the greatest common factor of 396 and 4092?
132
Calculate the highest common factor of 235 and 423.
47
Calculate the highest common factor of 552 and 108.
12
What is the highest common factor of 77 and 22?
11
What is the highest common factor of 612 and 72?
36
Calculate the greatest common divisor of 1054 and 124.
62
What is the greatest common divisor of 84 and 336?
84
Calculate the greatest common factor of 2048 and 16.
16
Calculate the greatest common factor of 1554 and 84.
42
Calculate the highest common divisor of 1058 and 46.
46
Calculate the highest common divisor of 77 and 63.
7
Calculate the highest common factor of 11 and 1331.
11
Calculate the greatest common factor of 388 and 291.
97
What is the greatest common factor of 9 and 207?
9
What is the greatest common factor of 363 and 25289?
121
Calculate the greatest common divisor of 8957 and 676.
169
Calculate the greatest common factor of 320 and 6640.
80
Calculate the highest common factor of 24 and 504.
24
What is the greatest common divisor of 923 and 13?
13
Calculate the highest common divisor of 603 and 335.
67
What is the highest common factor of 14 and 161?
7
Calculate the greatest common factor of 8432 and 34.
34
Calculate the greatest common divisor of 1015 and 5.
5
What is the highest common divisor of 12 and 52?
4
What is the highest common factor of 261 and 9?
9
What is the greatest common factor of 342 and 1254?
114
Calculate the greatest common factor of 185 and 999.
37
Calculate the greatest common divisor of 156 and 32916.
156
What is the greatest common factor of 220 and 20?
20
Calculate the highest common divisor of 14 and 1344.
14
What is the highest common factor of 984 and 312?
24
Calculate the greatest common divisor of 808 and 101.
101
Calculate the highest common divisor of 6647 and 23.
23
What is the greatest common divisor of 558 and 62?
62
Calculate the highest common factor of 247 and 57.
19
What is the greatest common divisor of 244 and 8662?
122
What is the greatest common factor of 25 and 445?
5
Calculate the highest common divisor of 11 and 4.
1
Calculate the highest common divisor of 108 and 15.
3
Calculate the greatest common factor of 14 and 56.
14
Calculate the highest common factor of 3861 and 572.
143
What is the greatest common factor of 756 and 2457?
189
What is the highest common factor of 1352 and 312?
104
Calculate the highest common factor of 968 and 2464.
88
Calculate the highest common divisor of 1 and 263.
1
Calculate the greatest common factor of 3720 and 4.
4
What is the greatest common factor of 18 and 6?
6
What is the greatest common divisor of 160 and 7120?
80
Calculate the highest common factor of 2533 and 149.
149
Calculate the greatest common factor of 15 and 1545.
15
What is the greatest common divisor of 93 and 1271?
31
What is the highest common divisor of 8 and 732?
4
Calculate the highest common divisor of 328 and 123.
41
What is the highest common factor of 360 and 2952?
72
Calculate the highest common factor of 142 and 8.
2
What is the highest common divisor of 36 and 11052?
36
Calculate the highest common factor of 15 and 125.
5
Calculate the highest common factor of 6 and 186.
6
Calculate the greatest common divisor of 635 and 4699.
127
Calculate the highest common factor of 1232 and 14.
14
What is the highest common divisor of 120 and 192?
24
Calculate the greatest common divisor of 1335 and 1185.
15
What is the greatest common factor of 63 and 77?
7
Calculate the greatest common divisor of 41 and 369.
41
What is the greatest common divisor of 45 and 27?
9
What is the greatest common factor of 16 and 32?
16
Calculate the highest common divisor of 14 and 41342.
14
What is the greatest common factor of 124 and 8618?
62
What is the highest common factor of 441 and 1029?
147
What is the highest common factor of 12 and 384?
12
What is the greatest common divisor of 16 and 1380?
4
What is the highest common divisor of 7191 and 1?
1
Calculate the highest common factor of 2 and 94.
2
What is the highest common divisor of 1736 and 168?
56
Calculate the greatest common factor of 165 and 66.
33
What is the highest common factor of 5598 and 108?
18
Calculate the highest common divisor of 63 and 581.
7
Calculate the greatest common divisor of 12 and 486.
6
Calculate the greatest common divisor of 24 and 888.
24
What is the greatest common factor of 312 and 13?
13
Calculate the highest common factor of 64 and 136.
8
Calculate the greatest common factor of 72 and 81.
9
What is the greatest common factor of 319 and 145?
29
What is the greatest common divisor of 24 and 816?
24
Calculate the highest common divisor of 804 and 2613.
201
What is the greatest common factor of 22 and 958?
2
Calculate the highest common divisor of 1177 and 5350.
107
What is the greatest common divisor of 2 and 4049?
1
What is the greatest common factor of 2 and 966?
2
What is the greatest common divisor of 39 and 2483?
13
Calculate the highest common factor of 77 and 2541.
77
Calculate the highest common divisor of 94637 and 101.
101
What is the greatest common factor of 6596 and 291?
97
Calculate the highest common factor of 52 and 3.
1
What is the highest common factor of 858 and 473?
11
Calculate the highest common factor of 3110 and 20.
10
What is the highest common factor of 84 and 56?
28
Calculate the highest common divisor of 357 and 21.
21
Calculate the highest common factor of 24 and 2316.
12
Calculate the greatest common factor of 1311 and 276.
69
What is the greatest common factor of 34 and 1768?
34
What is the greatest common divisor of 550 and 44?
22
What is the greatest common factor of 310 and 5?
5
What is the highest common divisor of 50 and 125?
25
What is the greatest common factor of 1170 and 104?
26
Calculate the highest common divisor of 40 and 328.
8
Calculate the greatest common factor of 36 and 11496.
12
What is the greatest common factor of 119 and 15232?
119
Calculate the greatest common divisor of 247 and 13.
13
What is the highest common divisor of 288 and 9?
9
What is the highest common factor of 57 and 1387?
19
What is the highest common divisor of 3021 and 114?
57
What is the greatest common divisor of 16 and 88?
8
Calculate the greatest common divisor of 26 and 1001.
13
What is the highest common divisor of 24 and 36?
12
What is the greatest common divisor of 80436 and 24?
12
W